.
-2
Let j(l) = l**2 + 38*l + 47. What is j(-36)?
-25
Let r(b) = -5*b + 32. Calculate r(8).
-8
Let m(u) = -33*u**2 + 2. What is m(1)?
-31
Let t(c) = -c**2 + 14*c - 15. Determine t(11).
18
Let h(m) = -m**3 - m**2 - 3*m - 3. Calculate h(0).
-3
Let x(p) = p**3 - 31*p**2 + 33*p - 39. Calculate x(30).
51
Let w(a) = a**3 + 6*a**2 - 3*a - 4. What is w(-6)?
14
Let b(a) = a**2 + 10*a + 4. What is b(-5)?
-21
Let j(i) = i**3 - 2*i**2 + 6*i - 15. Determine j(3).
12
Let d(v) = v**3 - 5*v**2 - 3*v. Determine d(6).
18
Let c(h) = -38*h - 277. What is c(-7)?
-11
Let o(g) = 2*g**2 + 34*g - 21. Calculate o(-17).
-21
Let w(v) = 8*v - 99. What is w(12)?
-3
Let v(t) = -17*t - 18. Calculate v(-2).
16
Let x(n) = n**2 - 6*n + 7. What is x(6)?
7
Let m(w) = 32*w - 387. Give m(12).
-3
Let d(r) = -14*r + 94. What is d(8)?
-18
Let g(i) = -3*i**2 + 16*i + 12. Determine g(6).
0
Let s(f) = -2*f + 35. Give s(24).
-13
Let t(l) = -l**2 - 4*l - 3. What is t(-7)?
-24
Let z(l) = 2*l**3 + 27*l**2 - 16*l - 22. Calculate z(-14).
6
Let x(p) = -p**2 + 10*p - 33. Calculate x(5).
-8
Let m(q) = -q**3 - 8*q**2 - 7*q + 7. Calculate m(-7).
7
Let m(y) = -3*y**2 - 4*y + 7. Give m(-5).
-48
Let d(f) = -15*f**2 + f. Determine d(1).
-14
Let b(c) = c**3 + 22*c**2 + 41*c + 15. What is b(-20)?
-5
Let o(r) = -3*r - 6. What is o(11)?
-39
Let t(p) = -p**3 - 11*p**2 - 12*p - 1. Calculate t(-10).
19
Let g(i) = -i**3 + 3*i**2 - 3*i + 3. Calculate g(3).
-6
Let n(m) = m**3 - 10*m**2 + 4*m + 8. Calculate n(9).
-37
Let w(b) = -b**3 + 13*b**2 - 2*b + 43. Determine w(13).
17
Let u(a) = -a**3 + 20*a**2 + 23*a - 14. Give u(21).
28
Let l(j) = 2*j**2 - 13*j + 1. Determine l(6).
-5
Let u(a) = -a**3 - 22*a**2 - 22*a - 3. Calculate u(-21).
18
Let m(y) = -2*y**3 + 13*y**2 - 5*y - 22. Determine m(5).
28
Let h(i) = -i**3 - 11*i**2 + 4*i - 15. Determine h(-11).
-59
Let n(x) = -x**3 + 9*x**2 + 7*x - 2. What is n(10)?
-32
Let r(x) = -3*x**3 - 2*x**2 - 5*x - 2. What is r(-1)?
4
Let c(b) = b**2 + 7*b + 17. Give c(-8).
25
Let q(w) = -w**3 - 19*w**2 + 22*w + 50. Calculate q(-20).
10
Let n(f) = f + 14. Calculate n(-10).
4
Let s(i) = 3*i + 85. Give s(-29).
-2
Let n(x) = -x**3 - 3*x**2 - x - 15. What is n(-5)?
40
Let c(l) = 2*l**2 - l - 10. What is c(3)?
5
Let s(z) = -z - 18. Give s(-18).
0
Let m(v) = 4*v**2. Give m(-1).
4
Let c(l) = 30*l**3 + l**2. Give c(-1).
-29
Let h(c) = 9*c**3 + 2*c**2 - 5*c + 2. What is h(1)?
8
Let z(a) = -a**2 + 13*a + 4. Calculate z(12).
16
Let k(z) = -7*z + 13. Calculate k(6).
-29
Let n(q) = 3*q**2 - 9*q + 2. Give n(4).
14
Let q(o) = -6*o**2 + 2*o + 1. What is q(3)?
-47
Let f(k) = -k**2 - 8*k + 7. What is f(-10)?
-13
Let c(n) = n**2 - 5*n - 1. Calculate c(5).
-1
Let p(w) = -12*w + 4. Give p(8).
-92
Let h(k) = -k**3 + 5*k**2 + 11*k + 4. Calculate h(7).
-17
Let g(p) = p**3 + 22*p**2 - 21*p - 39. Give g(-23).
-85
Let d(r) = 4*r + 14. Determine d(6).
38
Let a(q) = q**3 + q**2 - 4*q. What is a(-3)?
-6
Let w(x) = x**2 - 14*x + 22. Give w(9).
-23
Let r(z) = -z**2 - 4*z + 21. Give r(-7).
0
Let q(k) = k + 40. Give q(-19).
21
Let j(n) = -n - 26. Give j(-19).
-7
Let c(n) = -n**2 + 35*n - 144. Give c(32).
-48
Let y(b) = -2*b**2 + b + 2. Determine y(0).
2
Let r(j) = -3*j**3 + 12*j**2 - 11*j - 7. Determine r(4).
-51
Let u(k) = k**2 - 5*k + 7. Determine u(7).
21
Let n(w) = w - 53. Calculate n(20).
-33
Let h(q) = -q**2 - 15*q + 18. What is h(-17)?
-16
Let r(s) = -4*s**2 + 5*s + 27. What is r(-4)?
-57
Let g(h) = 19*h - 3. Give g(-1).
-22
Let s(w) = -w**3 - 8*w**2 - 15*w - 12. Give s(-6).
6
Let p(x) = x**3 - 16*x**2 + 60*x - 23. Give p(10).
-23
Let g(y) = y**3 - 7*y**2 + 7*y + 1. Give g(6).
7
Let d(v) = -v - 15. What is d(-4)?
-11
Let o(r) = -7*r - 23. Give o(-5).
12
Let z(m) = m**3 + 11*m**2 - 8. Give z(-11).
-8
Let l(r) = -3*r + 17. What is l(8)?
-7
Let t(l) = -l**3 - 5*l**2 + 6*l + 5. What is t(-6)?
5
Let g(i) = -i**3 - 9*i**2 + 7*i + 11. Calculate g(-10).
41
Let f(y) = -81*y + 477. Calculate f(6).
-9
Let d(o) = 3*o**2 + 4*o. Give d(-4).
32
Let t(m) = m**2 + 17*m - 5. Calculate t(-16).
-21
Let f(r) = -r**2 - 2*r - 4. What is f(3)?
-19
Let w(z) = -2*z**3 + 22*z**2 - 2*z + 17. Calculate w(11).
-5
Let z(b) = -b**3 + 28*b**2 + 61*b - 7. Determine z(30).
23
Let b(g) = 17*g - 32. What is b(11)?
155
Let s(a) = 11*a - 261. Give s(24).
3
Let n(l) = -l**2 + 36*l - 71. Calculate n(34).
-3
Let g(d) = -d**3 - 6*d**2 - 6*d - 5. Give g(-5).
0
Let x(o) = 2*o - 29. What is x(21)?
13
Let p(b) = 4*b + 1. Determine p(-2).
-7
Let l(g) = -g**3 + 13*g**2 - 26*g - 13. Calculate l(11).
-57
Let f(p) = -p**2 + 11*p - 11. What is f(3)?
13
Let m(u) = u**2 - 4*u + 1. Calculate m(4).
1
Let a(n) = -n**3 + 5*n**2 - 8*n + 10. What is a(3)?
4
Let u(j) = -2*j**2 - j - 1. What is u(2)?
-11
Let h(j) = -j**2 + 5. Give h(3).
-4
Let v(g) = -3*g + 56. Give v(18).
2
Let s(f) = 12*f + 22. Give s(-11).
-110
Let q(r) = -5*r + 8. Calculate q(3).
-7
Let p(j) = -j**3 + 6*j**2 - 3*j + 8. What is p(6)?
-10
Let z(m) = -26*m - 3. Calculate z(-3).
75
Let f(t) = -t**2 - 2*t + 17. Calculate f(4).
-7
Let g(b) = 3*b**3 - 19*b**2 - 13*b - 1. Determine g(7).
6
Let l(h) = -h**3 + 15*h**2 - 15*h - 6. What is l(14)?
-20
Let q(g) = 16*g + 2. What is q(1)?
18
Let h(w) = w**3 + 4*w**2 + 6*w + 13. Determine h(-4).
-11
Let m(o) = -4*o**2 + 12*o - 9. Give m(3).
-9
Let u(i) = -i**2 + 2*i + 7. Give u(2).
7
Let q(g) = g + 46. Give q(-31).
15
Let m(s) = s**3 + 15*s**2 + 14*s - 10. Calculate m(-14).
-10
Let u(o) = -o**3 + 28*o**2 - 28*o + 37. What is u(27)?
10
Let y(b) = b**3 + 5*b**2 + 4*b + 27. Calculate y(-5).
7
Let y(a) = -2*a + 3. What is y(-12)?
27
Let i(h) = h**2 - 9*h + 13. Give i(9).
13
Let w(c) = -c**3 - 35*c**2 + 39*c + 105. Calculate w(-36).
-3
Let y(c) = -2*c**2 - 40*c + 12. Calculate y(-21).
-30
Let r(o) = 7*o. What is r(13)?
91
Let d(l) = l**3 - 17*l**2 - l + 13. Determine d(17).
-4
Let t(b) = -7*b - 9. What is t(0)?
-9
Let h(c) = c**2 + 6*c - 17. Give h(-7).
-10
Let p(w) = 2*w**2 - 60*w - 66. Determine p(31).
-4
Let f(w) = -2*w**3 + 11*w**2 + 18. Give f(6).
-18
Let u(z) = -4*z**2 + 21*z + 8. Give u(6).
-10
Let y(f) = -8*f**3 + f**2 - 3*f + 1. What is y(1)?
-9
Let d(z) = 3*z**2 - 7*z + 7. Calculate d(5).
47
Let i(v) = v**3 + 17*v**2 + 23*v + 14. Give i(-16).
-98
Let n(o) = 2*o**2 + 20*o + 12. Calculate n(-10).
12
Let k(t) = -2*t + 9. Calculate k(-13).
35
Let c(w) = 9*w**2 - 2*w - 2. Determine c(2).
30
Let v(l) = 2*l + 1. Calculate v(0).
1
Let j(u) = -3*u**2 - 104*u - 77. Calculate j(-34).
-9
Let q(r) = -5*r - 44. What is q(-10)?
6
Let l(g) = g**3 + 6*g**2 - 7*g - 10. What is l(-7)?
-10
Let g(w) = 2*w**2 - 18*w + 38. Determine g(6).
2
Let a(p) = -2*p**2 + 36*p + 21. Calculate a(19).
-17
Let y(t) = t**3 + 8*t**2 + 7*t + 11. Give y(-8).
-45
Let p(y) = y**3 - 12*y**2 + 24*y - 43. What is p(10)?
-3
Let k(x) = x**3 + 3*x**2 - 5*x - 7. Calculate k(-5).
-32
Let o(u) = -5*u**3 + u**2 + u. What is o(2)?
-34
Let q(y) = -y**2 + 5*y - 4. Give q(-5).
-54
Let z(v) = v. Determine z(5).
5
Let r(j) = j**2 + 9*j - 9. Determine r(-10).
1
Let s(l) = -l**3 + 9*l**2 + 44*l - 402. Determine s(9).
-6
Let y(w) = -w**3 + w**2 + w. Calculate y(3).
-15
Let q(r) = r**3 + 13*r**2 + 15*r + 21. What is q(-11)?
98
Let y(b) = -2*b**2 - 2*b - 4. Give y(-3).
-16
Let y(u) = 11*u + 2. What is y(-2)?
-20
Let n(y) = 11*y + 46. Give n(-4).
2
Let j(l) = -l**3 + 16*l**2 + 8. Calculate j(16).
8
Let g(y) = -y**3 + 2*y**2 - y + 17. Calculate g(0).
17
Let u(v) = 4*v**2 - 4. Determine u(-2).
12
Let q(o) = o**3 + 7*o**2 + o + 21. What is q(-7)?
14
Let l(y) = y**3 - 6*y**2 + 4*y + 1. What is l(5)?
-4
Let a(g) = -g**3 - 12*g**2 + 17*g + 8. Give a(-13).
-44
Let j(k) = k**2 + 30*k + 141. What is j(-6)?
-3
Let y(d) = -49*d + 541. What is y(11)?
2
Let x(v) = 3*v**3 - 26*v**2 - 6*v - 17. Give x(9).
10
Let b(l) = -l - 6. Give b(-11).
5
Let l(d) = -d**3 + 22*d**2 + 23*d + 5. Calculate l(23).
5
Let q(u) = -u**3 - 3*u**2 + 5*u + 4. What is q(-4)?
0
Let f(m) = -11*m**2 - 1. What is f(1)?
-12
Let n(d) = -25*d + 11. Give n(4).
-89
Let a(v) = -2*v**3 + v**2 + v + 1. What is a(-1)?
3
Let d(n) = -2*n**3 + 3*n**2 + 2*n - 8. Give d(2).
-8
Let b(u) = u**3 - 10*u**2 - 8*u + 8. Calculate b(11).
41
Let r(w) = w**3 - 4*w**2 - 12*w + 47. Determine r(3).
2
Let r(g) = g**3 + 6*g**2 - 8*g - 12. Give r(-7).
-5
Let p(i) = -i**2 + 19*i + 21. What is p(2